{"id":3540,"date":"2017-03-26T17:06:59","date_gmt":"2017-03-26T17:06:59","guid":{"rendered":"http:\/\/www.falconelectricsupply.com\/?page_id=3540"},"modified":"2020-08-24T09:17:59","modified_gmt":"2020-08-24T14:17:59","slug":"proyectos","status":"publish","type":"page","link":"https:\/\/falconelectricsupply.com\/?page_id=3540","title":{"rendered":"Proyectos"},"content":{"rendered":"<p>[vc_row][vc_column][tt_section_title title_alignment=&#8221;text-center&#8221; section_separator=&#8221;yes&#8221; separator_position=&#8221;after_title&#8221; title=&#8221;Proyectos&#8221;]<strong>Falcon Electric Supply<\/strong>[\/tt_section_title][\/vc_column][\/vc_row][vc_row][vc_column width=&#8221;1\/3&#8243;][vc_single_image image=&#8221;3541&#8243; img_size=&#8221;medium&#8221; alignment=&#8221;center&#8221;][vc_column_text]<\/p>\n<h5 style=\"text-align: center;\">Cuarto de Control<\/h5>\n<p style=\"text-align: center;\">Bloque 54<\/p>\n<p style=\"text-align: center;\">Ingenier\u00eda y construcci\u00f3n de un cuarto de control central,<br \/>\npara la plataforma ENO.<\/p>\n<p>[\/vc_column_text][\/vc_column][vc_column width=&#8221;1\/3&#8243;][vc_single_image image=&#8221;3549&#8243; img_size=&#8221;medium&#8221; alignment=&#8221;center&#8221;][vc_column_text]<\/p>\n<h5 style=\"text-align: center;\">Tableros para exportaci\u00f3n a Venezuela<\/h5>\n<h6 style=\"text-align: center;\">Industria de alimentos<\/h6>\n<p style=\"text-align: center;\">Ingenier\u00eda Ecuatoriana, exporta tableros el\u00e9ctricos funcionales e \u00edntegros.<\/p>\n<p>[\/vc_column_text][\/vc_column][vc_column width=&#8221;1\/3&#8243;][vc_single_image image=&#8221;3551&#8243; img_size=&#8221;medium&#8221; alignment=&#8221;center&#8221;][vc_column_text]<\/p>\n<h5 style=\"text-align: center;\">Tablero de Disposal y\u00a0Tablero Qu\u00edmicos Bulk<\/h5>\n<h6 style=\"text-align: center;\">Danielcom Equipment Supply<\/h6>\n<p style=\"text-align: center;\"><strong>Ingenier\u00eda, Fabricaci\u00f3n y puesto en marcha de los tableros electricos.<\/strong><\/p>\n<p>[\/vc_column_text][\/vc_column][\/vc_row][vc_row][vc_column width=&#8221;1\/3&#8243;][vc_single_image image=&#8221;3547&#8243; img_size=&#8221;medium&#8221; alignment=&#8221;center&#8221;][vc_column_text]<\/p>\n<h5 style=\"text-align: center;\">Tableros de comunicaciones<\/h5>\n<p style=\"text-align: center;\"><strong>Petroamazonas EP<\/strong><\/p>\n<p style=\"text-align: center;\">Son gabinetes donde se alojan todos los equipos de protecci\u00f3n, maniobra, control, medici\u00f3n,\u00a0<em>comunicaci\u00f3n<\/em>, conexi\u00f3n y se\u00f1alizaci\u00f3n.<\/p>\n<p><strong>\u00a0<\/strong>[\/vc_column_text][\/vc_column][vc_column width=&#8221;1\/3&#8243;][vc_single_image image=&#8221;3555&#8243; img_size=&#8221;medium&#8221; alignment=&#8221;center&#8221;][vc_column_text]<\/p>\n<h5 style=\"text-align: center;\">Ruteo de tuber\u00eda y Junction Box<\/h5>\n<p style=\"text-align: center;\">Conexi\u00f3n el\u00e9ctrica para Trampas lanzadoras y receptoras.<\/p>\n<p>[\/vc_column_text][\/vc_column][vc_column width=&#8221;1\/3&#8243;][vc_single_image image=&#8221;3550&#8243; img_size=&#8221;medium&#8221; alignment=&#8221;center&#8221;][vc_column_text]<\/p>\n<h5 style=\"text-align: center;\">Tableros de PLCs \u2013 Automatizaci\u00f3n.<\/h5>\n<p style=\"text-align: center;\">Unidad central de procesamiento mejor conocido como CPU, interfaces de comunicaci\u00f3n, y puertos de salida y entrada de tipo digital o an\u00e1logo, etc., y estas son solo algunas de sus caracter\u00edsticas m\u00e1s sobresalientes.<\/p>\n<p>[\/vc_column_text][\/vc_column][\/vc_row][vc_row][vc_column width=&#8221;1\/3&#8243;][vc_single_image image=&#8221;3552&#8243; img_size=&#8221;medium&#8221; alignment=&#8221;center&#8221;][vc_column_text]<\/p>\n<h5 style=\"text-align: center;\">Centro de Control de Motores<\/h5>\n<h6 style=\"text-align: center;\">Asecuador-Andes Petroleum<\/h6>\n<p style=\"text-align: center;\">Responsable de la operaci\u00f3n y supervisi\u00f3n coordinada en tiempo real de las instalaciones de generaci\u00f3n y transporte.<\/p>\n<p>[\/vc_column_text][\/vc_column][vc_column width=&#8221;1\/3&#8243;][vc_single_image image=&#8221;3554&#8243; img_size=&#8221;medium&#8221; alignment=&#8221;center&#8221;][vc_column_text]<\/p>\n<h5 style=\"text-align: center;\">Generadora<\/h5>\n<h6 style=\"text-align: center;\">Rocafuerte (Generoca)<\/h6>\n<p style=\"text-align: center;\">Alternador Leroy Somer 13.800 voltios<\/p>\n<p>[\/vc_column_text][\/vc_column][vc_column width=&#8221;1\/3&#8243;][vc_single_image image=&#8221;3794&#8243; img_size=&#8221;medium&#8221; alignment=&#8221;center&#8221;][vc_column_text]<\/p>\n<h5 style=\"text-align: center;\">Separador Trif\u00e1sico 175.000 BFPD<\/h5>\n<h6 style=\"text-align: center;\">Bloque 12 PAM<\/h6>\n<p style=\"text-align: center;\">Montaje y puesto en marcha del sistema de instrumentaci\u00f3n y control del separador.<\/p>\n<p>[\/vc_column_text][\/vc_column][\/vc_row][vc_row][vc_column width=&#8221;1\/3&#8243;][vc_single_image image=&#8221;3553&#8243; img_size=&#8221;large&#8221; alignment=&#8221;center&#8221;][vc_column_text]<\/p>\n<h5 style=\"text-align: center;\">Arrancadores<\/h5>\n<p style=\"text-align: center;\">Para bombas dosificadoras de Qu\u00edmicos.<\/p>\n<p>[\/vc_column_text][\/vc_column][vc_column width=&#8221;1\/3&#8243;][vc_single_image image=&#8221;3542&#8243; img_size=&#8221;medium&#8221; alignment=&#8221;center&#8221;][vc_column_text]<\/p>\n<h5 style=\"text-align: center;\">Automatizaci\u00f3n de Skids de Aire<\/h5>\n<p style=\"text-align: center;\">Producci\u00f3n, instalaci\u00f3n y puesto en marcha de equipos de automatizaci\u00f3n el\u00e9ctrica para equipos paquetizados.<\/p>\n<p>[\/vc_column_text][\/vc_column][vc_column width=&#8221;1\/3&#8243;][vc_single_image image=&#8221;3545&#8243; img_size=&#8221;medium&#8221; alignment=&#8221;center&#8221;][vc_column_text]<\/p>\n<h5 style=\"text-align: center;\">Interconexionado<\/h5>\n<h6 style=\"text-align: center;\">Bloque 52 y 54<\/h6>\n<p style=\"text-align: center;\">Interconexionado de cables el\u00e9ctricos y de control de las plataformas ENO, TETETE y Pe\u00f1a Blanca.<\/p>\n<p>[\/vc_column_text][\/vc_column][\/vc_row]<\/p>\n","protected":false},"excerpt":{"rendered":"<p>[vc_row][vc_column][tt_section_title title_alignment=&#8221;text-center&#8221; section_separator=&#8221;yes&#8221; separator_position=&#8221;after_title&#8221; title=&#8221;Proyectos&#8221;]Falcon Electric Supply[\/tt_section_title][\/vc_column][\/vc_row][vc_row][vc_column width=&#8221;1\/3&#8243;][vc_single_image image=&#8221;3541&#8243; img_size=&#8221;medium&#8221; alignment=&#8221;center&#8221;][vc_column_text] Cuarto de Control Bloque 54 Ingenier\u00eda y construcci\u00f3n de un cuarto de control central, para la plataforma ENO. [\/vc_column_text][\/vc_column][vc_column width=&#8221;1\/3&#8243;][vc_single_image image=&#8221;3549&#8243; img_size=&#8221;medium&#8221; alignment=&#8221;center&#8221;][vc_column_text] Tableros para exportaci\u00f3n a Venezuela Industria de alimentos Ingenier\u00eda Ecuatoriana, exporta tableros el\u00e9ctricos funcionales e \u00edntegros. [\/vc_column_text][\/vc_column][vc_column width=&#8221;1\/3&#8243;][vc_single_image image=&#8221;3551&#8243; img_size=&#8221;medium&#8221; alignment=&#8221;center&#8221;][vc_column_text] [&hellip;]<\/p>\n","protected":false},"author":1,"featured_media":0,"parent":0,"menu_order":0,"comment_status":"closed","ping_status":"closed","template":"","meta":{"footnotes":""},"class_list":["post-3540","page","type-page","status-publish","hentry"],"yoast_head":"<!-- This site is optimized with the Yoast SEO plugin v19.13 - https:\/\/yoast.com\/wordpress\/plugins\/seo\/ -->\n<title>Proyectos - Falcon Electric Supply - Sistemas Electricos<\/title>\n<meta name=\"description\" content=\"Falcon Electric Supply realizara la ingenier\u00eda, procura, producci\u00f3n y puesto en marcha. Experiencia en grandes proyectos del Ecuador.\" \/>\n<meta name=\"robots\" content=\"index, follow, max-snippet:-1, max-image-preview:large, max-video-preview:-1\" \/>\n<link rel=\"canonical\" href=\"https:\/\/falconelectricsupply.com\/?page_id=3540\" \/>\n<meta property=\"og:locale\" content=\"es_ES\" \/>\n<meta property=\"og:type\" content=\"article\" \/>\n<meta property=\"og:title\" content=\"Proyectos - Falcon Electric Supply - Sistemas Electricos\" \/>\n<meta property=\"og:description\" content=\"Falcon Electric Supply realizara la ingenier\u00eda, procura, producci\u00f3n y puesto en marcha. Experiencia en grandes proyectos del Ecuador.\" \/>\n<meta property=\"og:url\" content=\"https:\/\/falconelectricsupply.com\/?page_id=3540\" \/>\n<meta property=\"og:site_name\" content=\"Falcon Electric Supply\" \/>\n<meta property=\"article:modified_time\" content=\"2020-08-24T14:17:59+00:00\" \/>\n<meta name=\"twitter:card\" content=\"summary_large_image\" \/>\n<meta name=\"twitter:label1\" content=\"Tiempo de lectura\" \/>\n\t<meta name=\"twitter:data1\" content=\"3 minutos\" \/>\n<script type=\"application\/ld+json\" class=\"yoast-schema-graph\">{\"@context\":\"https:\/\/schema.org\",\"@graph\":[{\"@type\":\"WebPage\",\"@id\":\"https:\/\/falconelectricsupply.com\/?page_id=3540\",\"url\":\"https:\/\/falconelectricsupply.com\/?page_id=3540\",\"name\":\"Proyectos - Falcon Electric Supply - Sistemas Electricos\",\"isPartOf\":{\"@id\":\"https:\/\/falconelectricsupply.com\/#website\"},\"datePublished\":\"2017-03-26T17:06:59+00:00\",\"dateModified\":\"2020-08-24T14:17:59+00:00\",\"description\":\"Falcon Electric Supply realizara la ingenier\u00eda, procura, producci\u00f3n y puesto en marcha. Experiencia en grandes proyectos del Ecuador.\",\"breadcrumb\":{\"@id\":\"https:\/\/falconelectricsupply.com\/?page_id=3540#breadcrumb\"},\"inLanguage\":\"es\",\"potentialAction\":[{\"@type\":\"ReadAction\",\"target\":[\"https:\/\/falconelectricsupply.com\/?page_id=3540\"]}]},{\"@type\":\"BreadcrumbList\",\"@id\":\"https:\/\/falconelectricsupply.com\/?page_id=3540#breadcrumb\",\"itemListElement\":[{\"@type\":\"ListItem\",\"position\":1,\"name\":\"Portada\",\"item\":\"https:\/\/falconelectricsupply.com\/\"},{\"@type\":\"ListItem\",\"position\":2,\"name\":\"Proyectos\"}]},{\"@type\":\"WebSite\",\"@id\":\"https:\/\/falconelectricsupply.com\/#website\",\"url\":\"https:\/\/falconelectricsupply.com\/\",\"name\":\"Falcon Electric Supply\",\"description\":\"Creando Soluciones Eficientes\",\"potentialAction\":[{\"@type\":\"SearchAction\",\"target\":{\"@type\":\"EntryPoint\",\"urlTemplate\":\"https:\/\/falconelectricsupply.com\/?s={search_term_string}\"},\"query-input\":\"required name=search_term_string\"}],\"inLanguage\":\"es\"}]}<\/script>\n<!-- \/ Yoast SEO plugin. -->","yoast_head_json":{"title":"Proyectos - Falcon Electric Supply - Sistemas Electricos","description":"Falcon Electric Supply realizara la ingenier\u00eda, procura, producci\u00f3n y puesto en marcha. Experiencia en grandes proyectos del Ecuador.","robots":{"index":"index","follow":"follow","max-snippet":"max-snippet:-1","max-image-preview":"max-image-preview:large","max-video-preview":"max-video-preview:-1"},"canonical":"https:\/\/falconelectricsupply.com\/?page_id=3540","og_locale":"es_ES","og_type":"article","og_title":"Proyectos - Falcon Electric Supply - Sistemas Electricos","og_description":"Falcon Electric Supply realizara la ingenier\u00eda, procura, producci\u00f3n y puesto en marcha. Experiencia en grandes proyectos del Ecuador.","og_url":"https:\/\/falconelectricsupply.com\/?page_id=3540","og_site_name":"Falcon Electric Supply","article_modified_time":"2020-08-24T14:17:59+00:00","twitter_card":"summary_large_image","twitter_misc":{"Tiempo de lectura":"3 minutos"},"schema":{"@context":"https:\/\/schema.org","@graph":[{"@type":"WebPage","@id":"https:\/\/falconelectricsupply.com\/?page_id=3540","url":"https:\/\/falconelectricsupply.com\/?page_id=3540","name":"Proyectos - Falcon Electric Supply - Sistemas Electricos","isPartOf":{"@id":"https:\/\/falconelectricsupply.com\/#website"},"datePublished":"2017-03-26T17:06:59+00:00","dateModified":"2020-08-24T14:17:59+00:00","description":"Falcon Electric Supply realizara la ingenier\u00eda, procura, producci\u00f3n y puesto en marcha. Experiencia en grandes proyectos del Ecuador.","breadcrumb":{"@id":"https:\/\/falconelectricsupply.com\/?page_id=3540#breadcrumb"},"inLanguage":"es","potentialAction":[{"@type":"ReadAction","target":["https:\/\/falconelectricsupply.com\/?page_id=3540"]}]},{"@type":"BreadcrumbList","@id":"https:\/\/falconelectricsupply.com\/?page_id=3540#breadcrumb","itemListElement":[{"@type":"ListItem","position":1,"name":"Portada","item":"https:\/\/falconelectricsupply.com\/"},{"@type":"ListItem","position":2,"name":"Proyectos"}]},{"@type":"WebSite","@id":"https:\/\/falconelectricsupply.com\/#website","url":"https:\/\/falconelectricsupply.com\/","name":"Falcon Electric Supply","description":"Creando Soluciones Eficientes","potentialAction":[{"@type":"SearchAction","target":{"@type":"EntryPoint","urlTemplate":"https:\/\/falconelectricsupply.com\/?s={search_term_string}"},"query-input":"required name=search_term_string"}],"inLanguage":"es"}]}},"_links":{"self":[{"href":"https:\/\/falconelectricsupply.com\/index.php?rest_route=\/wp\/v2\/pages\/3540","targetHints":{"allow":["GET"]}}],"collection":[{"href":"https:\/\/falconelectricsupply.com\/index.php?rest_route=\/wp\/v2\/pages"}],"about":[{"href":"https:\/\/falconelectricsupply.com\/index.php?rest_route=\/wp\/v2\/types\/page"}],"author":[{"embeddable":true,"href":"https:\/\/falconelectricsupply.com\/index.php?rest_route=\/wp\/v2\/users\/1"}],"replies":[{"embeddable":true,"href":"https:\/\/falconelectricsupply.com\/index.php?rest_route=%2Fwp%2Fv2%2Fcomments&post=3540"}],"version-history":[{"count":24,"href":"https:\/\/falconelectricsupply.com\/index.php?rest_route=\/wp\/v2\/pages\/3540\/revisions"}],"predecessor-version":[{"id":3828,"href":"https:\/\/falconelectricsupply.com\/index.php?rest_route=\/wp\/v2\/pages\/3540\/revisions\/3828"}],"wp:attachment":[{"href":"https:\/\/falconelectricsupply.com\/index.php?rest_route=%2Fwp%2Fv2%2Fmedia&parent=3540"}],"curies":[{"name":"wp","href":"https:\/\/api.w.org\/{rel}","templated":true}]}}