{"id":3532,"date":"2017-03-26T16:49:02","date_gmt":"2017-03-26T16:49:02","guid":{"rendered":"http:\/\/www.falconelectricsupply.com\/?page_id=3532"},"modified":"2020-08-24T09:17:59","modified_gmt":"2020-08-24T14:17:59","slug":"servicios","status":"publish","type":"page","link":"https:\/\/falconelectricsupply.com\/?page_id=3532","title":{"rendered":"Servicios"},"content":{"rendered":"<p>[vc_row][vc_column width=&#8221;2\/3&#8243;][tt_section_title title_alignment=&#8221;text-center&#8221; description_color_option=&#8221;custom-color&#8221; section_separator=&#8221;yes&#8221; separator_position=&#8221;after_title&#8221; title=&#8221;Servicios&#8221; description_color=&#8221;#5bd604&#8243;]<\/p>\n<h5 style=\"text-align: center;\">Nuestra metodolog\u00eda de servicio se basa en una estrecha relaci\u00f3n con el cliente, formando equipos conjuntos de trabajo, desde la visualizaci\u00f3n del proyecto hasta la implementaci\u00f3n de la soluci\u00f3n.<\/h5>\n<p>[\/tt_section_title][vc_column_text]Como profesionales t\u00e9cnicos en ingenier\u00eda estamos dedicados a brindar soluciones a procesos de control industrial en las \u00e1reas: el\u00e9ctrica, automatizaci\u00f3n, instrumentaci\u00f3n y control, entre nuestros principales servicios se encuentran:<\/p>\n<p>&#8211; Suministro de material, repuestos, equipos el\u00e9ctricos de potencia, control e instrumentaci\u00f3n.<\/p>\n<p>&#8211; Transformadores de Distribuci\u00f3n Sumergidos en Aceite y Transformadores Secos<\/p>\n<p>&#8211; Centro de Control de Motores de Baja tensi\u00f3n<\/p>\n<p>&#8211; Switchgear de Baja y Media Tensi\u00f3n<\/p>\n<p>&#8211; Grupo Electr\u00f3geno, Arrancadores Directos para Bombas y Sistemas de UPS,<\/p>\n<p>&#8211; Tableros de PLC, Rack de Comunicaciones, Tableros de Distribuci\u00f3n El\u00e9ctrica, entre otro Equipos.<\/p>\n<h4>Realizamos todo tipo de servicio el\u00e9ctrico que necesita el cliente:<\/h4>\n<ul>\n<li>Precomisionado, Comisionado y puesta en servicio de todos los equipos suministrados.<\/li>\n<\/ul>\n<ul>\n<li>Fiscalizaci\u00f3n y Supervisi\u00f3n de Obras, Interconexcionado de sistemas el\u00e9ctricos.<\/li>\n<\/ul>\n<ul>\n<li>Ofrecemos servicios de mantenimiento predictivo, preventivo y correctivo.<\/li>\n<\/ul>\n<ul>\n<li>Elaboraci\u00f3n de Ingenier\u00eda B\u00e1sica y de Detalle, Memorias de C\u00e1lculo, An\u00e1lisis de Cargas, Diagrama Unifilares, Dimensionamiento de Equipos, Hojas de Datos, MR, TBE, Planos de Implantaci\u00f3n de Equipos, Canalizaciones El\u00e9ctricas y de Control, Diagramas de Lazo, Simulaci\u00f3n de Sistemas de Iluminaci\u00f3n, etc.<\/li>\n<\/ul>\n<ul>\n<li>Dise\u00f1o, suministro e instalaci\u00f3n de soluciones paquetizadas como: Cuartos de Control, Cuartos El\u00e9ctricos, Skid de Qu\u00edmicos, Sistemas de Aire Comprimido, Trampas Lanzadoras y Recibidoras, Sistemas de Generaci\u00f3n, Skid de Agua, Skid de Nitr\u00f3geno entre otros.<\/li>\n<\/ul>\n<ul>\n<li>Dise\u00f1o, suministro y montaje de sistemas automatizados de procesos e integraci\u00f3n de sistemas, Cuarto de Comunicaci\u00f3n y Control, Paneles de PLC, RIO, RTU, Paneles de Distribuci\u00f3n y arrancadores. Instalaci\u00f3n de Instrumentos y Equipos de Medici\u00f3n.<\/li>\n<\/ul>\n<ul>\n<li>Ingenier\u00eda, Procura y Construcci\u00f3n (EPC: engineering, procurement and construction) en las \u00e1reas el\u00e9ctrica e instrumentaci\u00f3n y Control.<\/li>\n<\/ul>\n<p>[\/vc_column_text][\/vc_column][vc_column width=&#8221;1\/3&#8243;][vc_single_image image=&#8221;3740&#8243; img_size=&#8221;medium&#8221;][vc_single_image image=&#8221;3739&#8243; img_size=&#8221;medium&#8221;][vc_single_image image=&#8221;3742&#8243; img_size=&#8221;medium&#8221;][vc_single_image image=&#8221;3741&#8243; img_size=&#8221;medium&#8221;][vc_single_image image=&#8221;3743&#8243; img_size=&#8221;medium&#8221;][\/vc_column][\/vc_row]<\/p>\n","protected":false},"excerpt":{"rendered":"<p>[vc_row][vc_column width=&#8221;2\/3&#8243;][tt_section_title title_alignment=&#8221;text-center&#8221; description_color_option=&#8221;custom-color&#8221; section_separator=&#8221;yes&#8221; separator_position=&#8221;after_title&#8221; title=&#8221;Servicios&#8221; description_color=&#8221;#5bd604&#8243;] Nuestra metodolog\u00eda de servicio se basa en una estrecha relaci\u00f3n con el cliente, formando equipos conjuntos de trabajo, desde la visualizaci\u00f3n del proyecto hasta la implementaci\u00f3n de la soluci\u00f3n. [\/tt_section_title][vc_column_text]Como profesionales t\u00e9cnicos en ingenier\u00eda estamos dedicados a brindar soluciones a procesos de control industrial en las \u00e1reas: [&hellip;]<\/p>\n","protected":false},"author":1,"featured_media":0,"parent":0,"menu_order":0,"comment_status":"closed","ping_status":"closed","template":"","meta":{"footnotes":""},"class_list":["post-3532","page","type-page","status-publish","hentry"],"yoast_head":"<!-- This site is optimized with the Yoast SEO plugin v19.13 - https:\/\/yoast.com\/wordpress\/plugins\/seo\/ -->\n<title>Servicios El\u00e9ctrcios - Falcon Electric Supply - Ecuador<\/title>\n<meta name=\"description\" content=\"Servicios de ingenier\u00eda,procura, construcci\u00f3n, fiscalizaci\u00f3n y puesto en marcha y proyectos el\u00e9tricos y de automatizaci\u00f3n.\" \/>\n<meta name=\"robots\" content=\"index, follow, max-snippet:-1, max-image-preview:large, max-video-preview:-1\" \/>\n<link rel=\"canonical\" href=\"https:\/\/falconelectricsupply.com\/?page_id=3532\" \/>\n<meta property=\"og:locale\" content=\"es_ES\" \/>\n<meta property=\"og:type\" content=\"article\" \/>\n<meta property=\"og:title\" content=\"Servicios El\u00e9ctrcios - Falcon Electric Supply - Ecuador\" \/>\n<meta property=\"og:description\" content=\"Servicios de ingenier\u00eda,procura, construcci\u00f3n, fiscalizaci\u00f3n y puesto en marcha y proyectos el\u00e9tricos y de automatizaci\u00f3n.\" \/>\n<meta property=\"og:url\" content=\"https:\/\/falconelectricsupply.com\/?page_id=3532\" \/>\n<meta property=\"og:site_name\" content=\"Falcon Electric Supply\" \/>\n<meta property=\"article:modified_time\" content=\"2020-08-24T14:17:59+00:00\" \/>\n<meta name=\"twitter:card\" content=\"summary_large_image\" \/>\n<meta name=\"twitter:label1\" content=\"Tiempo de lectura\" \/>\n\t<meta name=\"twitter:data1\" content=\"2 minutos\" \/>\n<script type=\"application\/ld+json\" class=\"yoast-schema-graph\">{\"@context\":\"https:\/\/schema.org\",\"@graph\":[{\"@type\":\"WebPage\",\"@id\":\"https:\/\/falconelectricsupply.com\/?page_id=3532\",\"url\":\"https:\/\/falconelectricsupply.com\/?page_id=3532\",\"name\":\"Servicios El\u00e9ctrcios - Falcon Electric Supply - Ecuador\",\"isPartOf\":{\"@id\":\"https:\/\/falconelectricsupply.com\/#website\"},\"datePublished\":\"2017-03-26T16:49:02+00:00\",\"dateModified\":\"2020-08-24T14:17:59+00:00\",\"description\":\"Servicios de ingenier\u00eda,procura, construcci\u00f3n, fiscalizaci\u00f3n y puesto en marcha y proyectos el\u00e9tricos y de automatizaci\u00f3n.\",\"breadcrumb\":{\"@id\":\"https:\/\/falconelectricsupply.com\/?page_id=3532#breadcrumb\"},\"inLanguage\":\"es\",\"potentialAction\":[{\"@type\":\"ReadAction\",\"target\":[\"https:\/\/falconelectricsupply.com\/?page_id=3532\"]}]},{\"@type\":\"BreadcrumbList\",\"@id\":\"https:\/\/falconelectricsupply.com\/?page_id=3532#breadcrumb\",\"itemListElement\":[{\"@type\":\"ListItem\",\"position\":1,\"name\":\"Portada\",\"item\":\"https:\/\/falconelectricsupply.com\/\"},{\"@type\":\"ListItem\",\"position\":2,\"name\":\"Servicios\"}]},{\"@type\":\"WebSite\",\"@id\":\"https:\/\/falconelectricsupply.com\/#website\",\"url\":\"https:\/\/falconelectricsupply.com\/\",\"name\":\"Falcon Electric Supply\",\"description\":\"Creando Soluciones Eficientes\",\"potentialAction\":[{\"@type\":\"SearchAction\",\"target\":{\"@type\":\"EntryPoint\",\"urlTemplate\":\"https:\/\/falconelectricsupply.com\/?s={search_term_string}\"},\"query-input\":\"required name=search_term_string\"}],\"inLanguage\":\"es\"}]}<\/script>\n<!-- \/ Yoast SEO plugin. -->","yoast_head_json":{"title":"Servicios El\u00e9ctrcios - Falcon Electric Supply - Ecuador","description":"Servicios de ingenier\u00eda,procura, construcci\u00f3n, fiscalizaci\u00f3n y puesto en marcha y proyectos el\u00e9tricos y de automatizaci\u00f3n.","robots":{"index":"index","follow":"follow","max-snippet":"max-snippet:-1","max-image-preview":"max-image-preview:large","max-video-preview":"max-video-preview:-1"},"canonical":"https:\/\/falconelectricsupply.com\/?page_id=3532","og_locale":"es_ES","og_type":"article","og_title":"Servicios El\u00e9ctrcios - Falcon Electric Supply - Ecuador","og_description":"Servicios de ingenier\u00eda,procura, construcci\u00f3n, fiscalizaci\u00f3n y puesto en marcha y proyectos el\u00e9tricos y de automatizaci\u00f3n.","og_url":"https:\/\/falconelectricsupply.com\/?page_id=3532","og_site_name":"Falcon Electric Supply","article_modified_time":"2020-08-24T14:17:59+00:00","twitter_card":"summary_large_image","twitter_misc":{"Tiempo de lectura":"2 minutos"},"schema":{"@context":"https:\/\/schema.org","@graph":[{"@type":"WebPage","@id":"https:\/\/falconelectricsupply.com\/?page_id=3532","url":"https:\/\/falconelectricsupply.com\/?page_id=3532","name":"Servicios El\u00e9ctrcios - Falcon Electric Supply - Ecuador","isPartOf":{"@id":"https:\/\/falconelectricsupply.com\/#website"},"datePublished":"2017-03-26T16:49:02+00:00","dateModified":"2020-08-24T14:17:59+00:00","description":"Servicios de ingenier\u00eda,procura, construcci\u00f3n, fiscalizaci\u00f3n y puesto en marcha y proyectos el\u00e9tricos y de automatizaci\u00f3n.","breadcrumb":{"@id":"https:\/\/falconelectricsupply.com\/?page_id=3532#breadcrumb"},"inLanguage":"es","potentialAction":[{"@type":"ReadAction","target":["https:\/\/falconelectricsupply.com\/?page_id=3532"]}]},{"@type":"BreadcrumbList","@id":"https:\/\/falconelectricsupply.com\/?page_id=3532#breadcrumb","itemListElement":[{"@type":"ListItem","position":1,"name":"Portada","item":"https:\/\/falconelectricsupply.com\/"},{"@type":"ListItem","position":2,"name":"Servicios"}]},{"@type":"WebSite","@id":"https:\/\/falconelectricsupply.com\/#website","url":"https:\/\/falconelectricsupply.com\/","name":"Falcon Electric Supply","description":"Creando Soluciones Eficientes","potentialAction":[{"@type":"SearchAction","target":{"@type":"EntryPoint","urlTemplate":"https:\/\/falconelectricsupply.com\/?s={search_term_string}"},"query-input":"required name=search_term_string"}],"inLanguage":"es"}]}},"_links":{"self":[{"href":"https:\/\/falconelectricsupply.com\/index.php?rest_route=\/wp\/v2\/pages\/3532","targetHints":{"allow":["GET"]}}],"collection":[{"href":"https:\/\/falconelectricsupply.com\/index.php?rest_route=\/wp\/v2\/pages"}],"about":[{"href":"https:\/\/falconelectricsupply.com\/index.php?rest_route=\/wp\/v2\/types\/page"}],"author":[{"embeddable":true,"href":"https:\/\/falconelectricsupply.com\/index.php?rest_route=\/wp\/v2\/users\/1"}],"replies":[{"embeddable":true,"href":"https:\/\/falconelectricsupply.com\/index.php?rest_route=%2Fwp%2Fv2%2Fcomments&post=3532"}],"version-history":[{"count":19,"href":"https:\/\/falconelectricsupply.com\/index.php?rest_route=\/wp\/v2\/pages\/3532\/revisions"}],"predecessor-version":[{"id":3534,"href":"https:\/\/falconelectricsupply.com\/index.php?rest_route=\/wp\/v2\/pages\/3532\/revisions\/3534"}],"wp:attachment":[{"href":"https:\/\/falconelectricsupply.com\/index.php?rest_route=%2Fwp%2Fv2%2Fmedia&parent=3532"}],"curies":[{"name":"wp","href":"https:\/\/api.w.org\/{rel}","templated":true}]}}